{"id":630,"date":"2023-04-20T12:16:36","date_gmt":"2023-04-20T10:16:36","guid":{"rendered":"https:\/\/aliansewangeliczny.pl\/?page_id=630"},"modified":"2023-09-29T12:31:32","modified_gmt":"2023-09-29T10:31:32","slug":"szczyt-pomocy-ukrainie","status":"publish","type":"page","link":"https:\/\/aliansewangeliczny.pl\/index.php\/szczyt-pomocy-ukrainie\/","title":{"rendered":"Szczyt Pomocy Ukrainie"},"content":{"rendered":"\t\t<div data-elementor-type=\"wp-page\" data-elementor-id=\"630\" class=\"elementor elementor-630\" data-elementor-post-type=\"page\">\n\t\t\t\t\t\t<section class=\"elementor-section elementor-top-section elementor-element elementor-element-de7006a elementor-reverse-tablet elementor-reverse-mobile elementor-section-boxed elementor-section-height-default elementor-section-height-default\" data-id=\"de7006a\" data-element_type=\"section\" data-settings=\"{&quot;background_background&quot;:&quot;classic&quot;}\">\n\t\t\t\t\t\t\t<div class=\"elementor-background-overlay\"><\/div>\n\t\t\t\t\t\t\t<div class=\"elementor-container elementor-column-gap-default\">\n\t\t\t\t\t<div class=\"elementor-column elementor-col-100 elementor-top-column elementor-element elementor-element-9de3c1c\" data-id=\"9de3c1c\" data-element_type=\"column\" data-settings=\"{&quot;background_background&quot;:&quot;classic&quot;}\">\n\t\t\t<div class=\"elementor-widget-wrap elementor-element-populated\">\n\t\t\t\t\t\t<div class=\"elementor-element elementor-element-5786282 elementor-cta--valign-middle elementor-cta--skin-classic elementor-animated-content elementor-bg-transform elementor-bg-transform-zoom-in elementor-widget elementor-widget-call-to-action\" data-id=\"5786282\" data-element_type=\"widget\" data-widget_type=\"call-to-action.default\">\n\t\t\t\t<div class=\"elementor-widget-container\">\n\t\t\t\t\t\t\t<div class=\"elementor-cta\">\n\t\t\t\t\t<div class=\"elementor-cta__bg-wrapper\">\n\t\t\t\t<div class=\"elementor-cta__bg elementor-bg\" style=\"background-image: url(https:\/\/aliansewangeliczny.pl\/wp-content\/uploads\/2023\/04\/ukraina-2.png);\" role=\"img\" aria-label=\"ukraina (2)\"><\/div>\n\t\t\t\t<div class=\"elementor-cta__bg-overlay\"><\/div>\n\t\t\t<\/div>\n\t\t\t\t\t\t\t<div class=\"elementor-cta__content\">\n\t\t\t\t\n\t\t\t\t\t\t\t\t\t<h2 class=\"elementor-cta__title elementor-cta__content-item elementor-content-item\">\n\t\t\t\t\t\tMi\u0119dzynarodowy Szczyt Aliansu - Warszawa \t\t\t\t\t<\/h2>\n\t\t\t\t\n\t\t\t\t\t\t\t\t\t<div class=\"elementor-cta__description elementor-cta__content-item elementor-content-item\">\n\t\t\t\t\t\t\u015awiatowy Alians Ewangeliczny (WEA) wsp\u00f3lnie z Europejskim Aliansem Ewangelicznym (EEA), Ukrai\u0144sk\u0105 Rad\u0105 Ewangeliczn\u0105 i Ko\u015bcio\u0142ami Protestanckimi oraz Polskim Aliansem Ewangelicznym byli gospodarzami International Partnering Summit on the Global Church Response in Ukraine and Beyond. \n<br> \n<br> Wydarzenie odby\u0142o si\u0119 w Warszawie w dniach 1-3 marca 2023 roku, nieco ponad rok po tym, jak Rosja rozpocz\u0119\u0142a wojn\u0119 na Ukrainie - wojn\u0119, kt\u00f3ra spowodowa\u0142a powa\u017cny kryzys humanitarny o znacz\u0105cych skutkach globalnych.\n\n<br> \n<br> \n\u201eTysi\u0105ce ludzi straci\u0142o \u017cycie, a miliony musia\u0142y opu\u015bci\u0107 swoje domy. W czasach ogromnej tragedii pojawiaj\u0105 si\u0119 promienie nadziei, gdy r\u00f3\u017cni ludzie wyci\u0105gaj\u0105 r\u0119k\u0119, by pom\u00f3c poszkodowanym przez wojn\u0119. Chrze\u015bcijanie ewangeliccy na Ukrainie i w ca\u0142ej Europie, przy wsparciu wsp\u00f3\u0142wyznawc\u00f3w z ca\u0142ego \u015bwiata, stoj\u0105 na czele tej reakcji\u201d \u2013 powiedzia\u0142 bp dr Thomas Schirrmacher, sekretarz generalny \u015awiatowego Aliansu Ewangelicznego (WEA).\n\n<br> \n<br> \nOd pierwszych dni rosyjskiej inwazji WEA wsp\u00f3\u0142pracuje z ukrai\u0144sk\u0105 wsp\u00f3lnot\u0105 ewangelick\u0105. Ustanowi\u0142 on Specjaln\u0105 Grup\u0119 Zadaniow\u0105 The Response \u2013 Ukraine (TRUST) w celu koordynacji  wysi\u0142k\u00f3w spo\u0142eczno\u015bci ewangelickich i w celu wzmacniania ko\u015bcio\u0142\u00f3w na Ukrainie, kt\u00f3re si\u0119 zg\u0142aszaj\u0105 i ko\u015bcio\u0142\u00f3w w krajach s\u0105siednich.\n\n<br> \n<br> \nSpotkanie zorganizowane przez CEPCU i TRUS zgromadzi\u0142o kluczowych lider\u00f3w z Ukrainy, Europy i ca\u0142ego \u015bwiata - ludzi reprezentuj\u0105cych r\u00f3\u017cne sojusze, wyznania i organizacje. Mia\u0142o ono na celu wzmocnienie reakcji globalnej wsp\u00f3lnoty Ewangelickiej na istotne kryzysy oraz wyci\u0105gni\u0119cie wniosk\u00f3w z sytuacji na Ukrainie.\n\n<br> \n<br> \nUczestnicy spotkania postanowili przede wszystkim kontynuowa\u0107 swoje wsparcie, zw\u0142aszcza d\u0142ugoterminowe, dla Ukrainy i ukrai\u0144skich uchod\u017ac\u00f3w, pracowa\u0107 nad zacie\u015bnieniem szerokiej wsp\u00f3\u0142pracy w tematach reagowania na obecne kryzysy\n\noraz okre\u015bli\u0107 modele skutecznego zaanga\u017cowania globalnej spo\u0142eczno\u015bci Ewangelickiej w ewentualne przysz\u0142e kryzysy.\n\n<br> \n<br> \n \n\nSekretarze Generalni EEA, Jan C. Wessels i Connie Main Duarte, skomentowali: \u201eJako Sekretarze Generalni by\u0142o i jest wspaniale widzie\u0107 i s\u0142ysze\u0107 o nieustannej opiece nad wieloma uchod\u017acami w prawie wszystkich krajach Europy oraz o tym, jak ewangeliczni chrze\u015bcijanie i Ko\u015bcio\u0142y odgrywaj\u0105 w tym g\u0142\u00f3wn\u0105 rol\u0119. Wiele narodowych sojuszy ewangelicznych pomaga\u0142o od pocz\u0105tku wojny i nadal koordynuje wysi\u0142ki maj\u0105ce na celu opiek\u0119 nad lud\u017ami, kt\u00f3rzy prze\u017cyli traum\u0119, ale tak\u017ce upewnienie si\u0119, \u017ce przest\u0119pcy nie maj\u0105 szansy nadu\u017cy\u0107 sytuacji ludzi w potrzebie. Europejscy ewangelicy naprawd\u0119 stoj\u0105 razem z naszymi ukrai\u0144skimi bra\u0107mi i siostrami w jedno\u015bci, w modlitwie i dzia\u0142aniu\u201d.\n\n<br> \n<br> \n\u201eOm\u00f3wili\u015bmy kilka wa\u017cnych kwestii zwi\u0105zanych z kryzysem na Ukrainie. Jednym z nich by\u0142o wsparcie duszpasterzy, co jest o tyle istotne, \u017ce ko\u015bcio\u0142y lokalne s\u0105 centrami pomocy, kt\u00f3rej skuteczno\u015b\u0107 w du\u017cej mierze zale\u017cy od przyw\u00f3dztwa przebywaj\u0105cych tam lokalnych duszpasterzy. TRUST i CEPCU rozpocz\u0119\u0142y pierwsz\u0105 faz\u0119 inicjatywy wsparcia pastor\u00f3w, zapewniaj\u0105c pomoc w zakresie odpoczynku, rehabilitacji i innych nag\u0142ych potrzeb dla 322 pastor\u00f3w z 13 wyzna\u0144 na Ukrainie\u201d \u2013 powiedzia\u0142 Ruslan Maliuta, kt\u00f3ry kieruje TRUST.\n\n<br> \n<br> \n\u201eUczestnicy dyskutowali r\u00f3wnie\u017c o pracy z uchod\u017acami w ca\u0142ej Europie, koncentruj\u0105c si\u0119 na opiece urazowej i potrzebach d\u0142ugoterminowych, a tak\u017ce zak\u0142adaniu ko\u015bcio\u0142\u00f3w w ramach kryzysu uchod\u017aczego\u201d \u2013 doda\u0142.\n\n \n<br> \n<br> \n\nUkrai\u0144scy przyw\u00f3dcy wyrazili wdzi\u0119czno\u015b\u0107 za wsparcie ze strony globalnej rodziny ewangelickiej. \u201eChcia\u0142bym podzi\u0119kowa\u0107 wszystkim europejskim i \u015bwiatowym przyw\u00f3dcom za wsparcie dla Ukrainy w tym trudnym czasie. Ko\u015bci\u00f3\u0142 Chrystusa jest pi\u0119kny!\u201d powiedzia\u0142 Philip Savochka, przewodnicz\u0105cy CEPCU.\n\n<br> \n<br> \nW trakcie szczytu uczestnicy dyskutowali r\u00f3wnie\u017c o wnioskach dotycz\u0105cych przysz\u0142ych kryzys\u00f3w. Utwierdzi\u0142o si\u0119 przekonanie, jak wa\u017cne jest, aby pasterze nie wyje\u017cd\u017cali ale byli obecni i troszczyli si\u0119 o ludzi. W reakcjach pastor\u00f3w i przyw\u00f3dc\u00f3w chrze\u015bcija\u0144skich na wojn\u0119 na Ukrainie wyr\u00f3\u017cnia\u0142o si\u0119 r\u00f3wnie\u017c natychmiastowe przeniesienie podejmowania decyzji na szczebel lokalny, powszechna praktyka go\u015bcinno\u015bci i zdolno\u015b\u0107 ludzi z r\u00f3\u017cnych \u015brodowisk do uczenia si\u0119 nowych umiej\u0119tno\u015bci wymaganych przez zmieniaj\u0105ce si\u0119 sytuacje.\t\t\t\t\t<\/div>\n\t\t\t\t\n\t\t\t\t\t\t\t<\/div>\n\t\t\t\t\t\t<\/div>\n\t\t\t\t\t\t<\/div>\n\t\t\t\t<\/div>\n\t\t\t\t\t<\/div>\n\t\t<\/div>\n\t\t\t\t\t<\/div>\n\t\t<\/section>\n\t\t\t\t<\/div>\n\t\t","protected":false},"excerpt":{"rendered":"<p>Mi\u0119dzynarodowy Szczyt Aliansu &#8211; Warszawa \u015awiatowy Alians Ewangeliczny (WEA) wsp\u00f3lnie z Europejskim Aliansem Ewangelicznym (EEA), Ukrai\u0144sk\u0105 Rad\u0105 Ewangeliczn\u0105 i Ko\u015bcio\u0142ami Protestanckimi oraz Polskim Aliansem Ewangelicznym byli gospodarzami International Partnering Summit on the Global Church Response in Ukraine and Beyond. Wydarzenie odby\u0142o si\u0119 w Warszawie w dniach 1-3 marca 2023 roku, nieco ponad rok po tym, [&hellip;]<\/p>\n","protected":false},"author":1,"featured_media":0,"parent":0,"menu_order":0,"comment_status":"closed","ping_status":"closed","template":"","meta":{"footnotes":""},"class_list":["post-630","page","type-page","status-publish","hentry"],"_links":{"self":[{"href":"https:\/\/aliansewangeliczny.pl\/index.php\/wp-json\/wp\/v2\/pages\/630","targetHints":{"allow":["GET"]}}],"collection":[{"href":"https:\/\/aliansewangeliczny.pl\/index.php\/wp-json\/wp\/v2\/pages"}],"about":[{"href":"https:\/\/aliansewangeliczny.pl\/index.php\/wp-json\/wp\/v2\/types\/page"}],"author":[{"embeddable":true,"href":"https:\/\/aliansewangeliczny.pl\/index.php\/wp-json\/wp\/v2\/users\/1"}],"replies":[{"embeddable":true,"href":"https:\/\/aliansewangeliczny.pl\/index.php\/wp-json\/wp\/v2\/comments?post=630"}],"version-history":[{"count":31,"href":"https:\/\/aliansewangeliczny.pl\/index.php\/wp-json\/wp\/v2\/pages\/630\/revisions"}],"predecessor-version":[{"id":1049,"href":"https:\/\/aliansewangeliczny.pl\/index.php\/wp-json\/wp\/v2\/pages\/630\/revisions\/1049"}],"wp:attachment":[{"href":"https:\/\/aliansewangeliczny.pl\/index.php\/wp-json\/wp\/v2\/media?parent=630"}],"curies":[{"name":"wp","href":"https:\/\/api.w.org\/{rel}","templated":true}]}}